. Give t(9).
-30
Let h(f) = -f**3 - 27*f**2 + 29*f + 31. What is h(-28)?
3
Let q(t) = t**3 + 6*t**2 - 7*t + 3. Calculate q(-4).
63
Let z(c) = -c**2 + 10*c - 19. What is z(8)?
-3
Let d(u) = -u**3 - 7*u**2 + 5*u + 5. What is d(-7)?
-30
Let w(h) = -h**2 - 12*h + 16. Determine w(-13).
3
Let m(i) = -i**2 + 12*i + 9. Calculate m(16).
-55
Let p(f) = -6*f**2 - 2*f + 1. Determine p(1).
-7
Let u(h) = h**3 + 9*h**2 + 16*h + 14. Calculate u(-7).
0
Let u(w) = -w**2 - 46*w + 15. Give u(-46).
15
Let k(u) = -11*u + 13. Determine k(2).
-9
Let r(b) = -b**3 + 22*b**2 + 8*b - 185. Calculate r(22).
-9
Let d(h) = 15*h**2 + 7*h - 15. Calculate d(2).
59
Let l(a) = -2*a**2 - 6*a - 7. Determine l(-3).
-7
Let i(t) = t**3 + 5*t**2 - 7*t - 8. Calculate i(-6).
-2
Let z(c) = 9*c + 19. Determine z(-2).
1
Let j(r) = 4*r**2 + 2*r + 1. Calculate j(-2).
13
Let j(b) = -b - 19. Determine j(-10).
-9
Let c(p) = 41*p**2. Calculate c(-1).
41
Let t(z) = -z**2 + 11*z - 30. Determine t(10).
-20
Let l(o) = -o**3 + 4*o**2 - 3*o - 1. Give l(3).
-1
Let j(v) = -2*v**2 - 61*v - 25. Give j(-30).
5
Let f(g) = g**2 - 5*g - 11. Give f(6).
-5
Let h(y) = -y**3 - 8*y**2 + 19*y - 6. Give h(-10).
4
Let h(f) = f**2 - f - 11. Give h(4).
1
Let k(c) = -11*c - 1. Give k(3).
-34
Let k(w) = -w**3 - 4*w**2 + 8*w + 7. Determine k(-5).
-8
Let q(i) = -i**2 + 11*i - 10. What is q(10)?
0
Let k(w) = -w**3 - 7*w**2 - 11*w - 5. Determine k(-4).
-9
Let x(u) = u**2 - 6*u + 17. Calculate x(6).
17
Let j(w) = -4*w**2 + 12*w - 19. Calculate j(5).
-59
Let w(g) = -g + 6. Determine w(-4).
10
Let u(s) = -s**2 - 23*s - 113. Give u(-8).
7
Let r(y) = y**2 + 3*y - 10. What is r(3)?
8
Let g(t) = 6*t + 1. Give g(-2).
-11
Let c(v) = 110*v - 2. What is c(-1)?
-112
Let t(c) = 3*c**3 - c**2 + 8*c - 10. What is t(4)?
198
Let s(g) = g**3 + 11*g**2 - 10*g - 13. Give s(-11).
97
Let t(i) = -9*i + 35. Give t(11).
-64
Let g(f) = 4*f**3 + f**2 - f - 1. Calculate g(-1).
-3
Let h(b) = 89*b. Calculate h(1).
89
Let i(j) = -2*j**3 + j**2 - j + 2. Give i(2).
-12
Let h(y) = 2*y - 3. Give h(-3).
-9
Let p(i) = i**3 + 12*i**2 + 13*i + 23. What is p(-11)?
1
Let s(d) = d**2 + 21*d + 55. Give s(-18).
1
Let z(p) = p**3 - 12*p**2 + 11*p - 9. What is z(11)?
-9
Let l(o) = -o**2 + 12*o + 24. Give l(13).
11
Let x(d) = d**2 + 8*d + 12. What is x(-7)?
5
Let s(c) = -c**3 + 10*c**2 + 11*c + 37. What is s(11)?
37
Let n(l) = 3*l**2 + 21*l - 1. Give n(-10).
89
Let i(t) = t + 3. Calculate i(-16).
-13
Let d(m) = -m**2 + 23*m + 3. Give d(23).
3
Let x(n) = n - 4. Determine x(2).
-2
Let z(h) = -h + 13. What is z(7)?
6
Let a(y) = -y**2 + 18*y - 17. Give a(13).
48
Let i(v) = -v + 13. Give i(15).
-2
Let l(y) = y**2 - 5*y - 40. What is l(-6)?
26
Let d(m) = -m**2 + 3*m - 3. Give d(0).
-3
Let a(m) = -4*m**2 - 2*m - 4. What is a(-3)?
-34
Let i(x) = -10*x**3 - 2*x**2 + 2*x + 1. Calculate i(-2).
69
Let z(a) = -4*a + 5. What is z(5)?
-15
Let y(z) = z**3 - 15*z**2 - 14*z - 11. Determine y(16).
21
Let s(k) = k**3 + 2*k**2 + 4*k - 1. Calculate s(-4).
-49
Let v(w) = -w - 2. Determine v(2).
-4
Let h(l) = 5*l. Give h(1).
5
Let p(i) = i + 8. What is p(-5)?
3
Let x(k) = -k**3 + 8*k**2 + 8*k + 8. Calculate x(9).
-1
Let d(a) = a**3 + 15*a**2 + 3*a + 39. Give d(-15).
-6
Let p(w) = -w**2 - 40*w + 76. What is p(-42)?
-8
Let l(z) = -z**3 - 11*z**2 - 10*z - 4. Calculate l(-10).
-4
Let o(n) = -n**2 + 4*n - 7. Calculate o(5).
-12
Let o(q) = 3*q**2 + 25*q + 49. Determine o(-3).
1
Let p(l) = -l**3 + l**2 - 7*l - 8. What is p(-3)?
49
Let p(l) = -2*l + 2. What is p(3)?
-4
Let z(h) = -h**3 + 7*h**2 - 6*h - 7. Determine z(5).
13
Let t(l) = -l**2 + 23*l - 20. Determine t(19).
56
Let v(w) = 43*w - 257. Give v(6).
1
Let q(p) = p**2 - 12*p + 28. What is q(11)?
17
Let c(x) = -x**3 + 21*x**2 + 52*x - 121. Give c(23).
17
Let h(k) = -k + 5. Determine h(8).
-3
Let i(n) = -n**2 + 6*n - 6. Determine i(2).
2
Let g(f) = -f**2 + f + 4. Give g(2).
2
Let i(q) = -q**2 - 16*q + 2. Determine i(-15).
17
Let g(j) = -j**3 + 45*j**2 + 95*j - 56. Give g(47).
-9
Let s(o) = -o**3 - 5*o**2 - 3*o - 6. Give s(-5).
9
Let x(k) = k**3 - 9*k**2 + 5*k - 1. What is x(8)?
-25
Let b(y) = 6*y + 127. What is b(-18)?
19
Let n(p) = 18*p + 226. Give n(-13).
-8
Let q(d) = -d**2 - 17*d - 27. Calculate q(-15).
3
Let o(b) = 2*b**2 - 2*b + 3. Give o(-3).
27
Let g(r) = -20*r - 71. Give g(-4).
9
Let p(o) = o**3 + 5*o**2 + 6*o + 8. Calculate p(-3).
8
Let x(o) = -2*o**2 - 32*o + 20. What is x(-17)?
-14
Let w(o) = o**2 + 4*o - 1. Calculate w(-8).
31
Let d(q) = q**2 + 5*q + 2. Calculate d(5).
52
Let k(x) = x**2 + 5*x + 5. Give k(-2).
-1
Let m(w) = w**3 - 8*w**2 + 5*w - 6. What is m(7)?
-20
Let x(f) = -f**3 - 6*f**2 + 13*f - 10. Calculate x(-8).
14
Let u(w) = w**2 + 32*w + 35. Determine u(-30).
-25
Let u(w) = -6*w**3 + 2*w + 4. Calculate u(-2).
48
Let y(z) = -z**2 - 12*z - 8. Calculate y(-13).
-21
Let y(c) = -3*c - 32. Determine y(-9).
-5
Let j(t) = 4*t**2 + 2*t - 4. Give j(-4).
52
Let i(d) = -5*d + 89. What is i(25)?
-36
Let f(u) = -35*u + 913. Calculate f(26).
3
Let l(m) = -6*m**2 - 53*m + 15. What is l(-9)?
6
Let v(i) = i**2 + 8*i + 8. Give v(-8).
8
Let d(q) = q + 3. Give d(6).
9
Let k(a) = a**2 + 4*a + 14. What is k(-8)?
46
Let o(u) = 8*u + 43. Calculate o(-8).
-21
Let f(s) = -20*s**2 + s - 1. What is f(1)?
-20
Let w(m) = m**3 - 10*m**2 - 14*m - 26. Give w(11).
-59
Let r(v) = -v**3 - 7*v**2 + 9*v + 6. Determine r(-8).
-2
Let k(l) = l**3 - 3*l**2 + 5*l - 7. Give k(4).
29
Let g(n) = -2*n**3 + 7*n**2 + 5*n - 1. Give g(2).
21
Let h(a) = -a**3 + 7*a**2 - a + 2. Give h(6).
32
Let h(b) = b**3 + 19*b**2 + 7*b - 205. Determine h(-18).
-7
Let b(a) = a + 6. Determine b(-8).
-2
Let d(r) = r**3 + 2*r**2 - 36*r - 11. Calculate d(-7).
-4
Let a(w) = 10*w - 11. Determine a(-8).
-91
Let w(h) = h**3 + 38*h**2 + h + 35. Give w(-38).
-3
Let b(i) = i**2 - 1. What is b(0)?
-1
Let g(p) = -2*p**3 + 4*p**2 - 16*p + 6. What is g(0)?
6
Let j(q) = 3*q - 1. Give j(5).
14
Let f(b) = b**3 + 3*b - 2. What is f(-2)?
-16
Let b(x) = -2*x**2 + x + 6. Give b(0).
6
Let a(m) = -48*m + 255. Give a(6).
-33
Let x(c) = 98*c**3 - 3*c**2 - 4*c - 2. Calculate x(-1).
-99
Let s(v) = -34*v**3 - v**2 + 2*v - 1. What is s(1)?
-34
Let y(i) = i**3 + 12*i**2 + 27*i + 4. Calculate y(-9).
4
Let a(q) = -q**2 + 7*q - 4. What is a(10)?
-34
Let a(b) = -b**3 - 3*b**2 + 6*b. What is a(-4)?
-8
Let m(r) = r**2 + 14*r - 19. Determine m(-7).
-68
Let k(t) = 98*t**3 + t**2 - 6*t - 6. What is k(-1)?
-97
Let h(x) = -5*x + 11. Determine h(2).
1
Let u(a) = 8*a + 113. Determine u(-19).
-39
Let k(i) = 24*i - 320. Give k(13).
-8
Let j(q) = q**2 - 2*q - 9. What is j(-4)?
15
Let o(n) = -n**3 + 17*n**2 - 16*n - 6. What is o(16)?
-6
Let x(p) = -p**2 + 12*p - 30. What is x(8)?
2
Let g(l) = -4*l - 109. Calculate g(-28).
3
Let m(q) = -2*q + 4. What is m(3)?
-2
Let b(u) = 17*u**3 - 2*u**2 + u + 1. Determine b(1).
17
Let r(a) = -a + 35. Calculate r(24).
11
Let s(p) = -p**3 + 7*p**2 + 7*p + 12. Determine s(5).
97
Let w(h) = h**3 + 8*h**2 - 8*h + 21. Determine w(-10).
-99
Let k(o) = o**3 - 4*o**2 - 3*o - 2. Calculate k(3).
-20
Let n(p) = -p**2 - 9*p + 10. Give n(-7).
24
Let y(z) = -3*z + 2. Calculate y(-3).
11
Let o(v) = v**2 - 20*v + 57. Give o(16).
-7
Let l(d) = d**2 - 14*d + 20. Determine l(11).
-13
Let q(n) = -2*n - 5. What is q(-7)?
9
Let v(u) = -5*u - 31. Give v(-6).
-1
Let y(v) = -v**3 + 5*v**2 + 26*v - 7. Give y(8).
9
Let g(s) = 2*s**3 - 28*s**2 - 62*s - 32. Determine g(16).
0
Let a(h) = h + 10. What is a(-8)?
2
Let x(i) = -2*i**3 - 29*i**2 - 12*i + 33. Calculate x(-14).
5
Let a(i) = -i**3 - 12*i**2 - 13*i. Calculate a(-10).
-70
Let r(z) = -z**2 - z + 17. Determine r(0).
17
Let l(a) = a**3 + 2*a**2 + 4*a + 6. Calculate l(-3).
-15
Let y(i) = i**3 + 10*i**2 + 12*i - 5. Determine y(-9).
-32
Let u(s) = 3*s**2 + 3*s + 3. Calculate u(-4).
39
Let s(g) = g - 10. Give s(7).
-3
Let m(g) = 19*g + 525. Determine m(-28).
-7
Let v(m) = m**2 + 51*m + 143. What is v(-48)?
-1
Let n(i) = -28*i + 55. Give n(2).
-1
Let j(l) = -l**3 - 24*l**2 - 23*l + 6. Give j(-23).
6
Let d(w) = -w**3 - w**2 + 2*w - 29. Calculate d(0).
-29
Let g(p) = p**2 - 9*p + 21. Determine g(5).
1
Let s(a) = -a**2 + a. Determine s(-2).
-6
Let f(p) = -p**3 + 7*p**2 - 10*p + 7. Give f(5).
7
Let v(q) = 13*q - 95. Determine v(6).
-17
Let r(m) = m**3 + 4*m**2 + 3*m + 6. Calculate r(-